 is the tens digit of 75873?
7
What is the units digit of 18897?
7
What is the tens digit of 7257?
5
What is the hundreds digit of 3146?
1
What is the units digit of 10812?
2
What is the hundreds digit of 8929?
9
What is the thousands digit of 140396?
0
What is the units digit of 3026?
6
What is the hundreds digit of 770?
7
What is the tens digit of 759?
5
What is the tens digit of 3457?
5
What is the units digit of 2223?
3
What is the hundreds digit of 1478?
4
What is the tens digit of 192?
9
What is the hundreds digit of 39983?
9
What is the ten thousands digit of 63277?
6
What is the thousands digit of 15370?
5
What is the tens digit of 594?
9
What is the tens digit of 355?
5
What is the thousands digit of 1428?
1
What is the thousands digit of 11327?
1
What is the thousands digit of 5879?
5
What is the tens digit of 12085?
8
What is the units digit of 36849?
9
What is the thousands digit of 1670?
1
What is the tens digit of 3075?
7
What is the ten thousands digit of 55138?
5
What is the ten thousands digit of 75085?
7
What is the thousands digit of 16965?
6
What is the thousands digit of 11193?
1
What is the hundreds digit of 558?
5
What is the hundreds digit of 48158?
1
What is the thousands digit of 1330?
1
What is the units digit of 121950?
0
What is the thousands digit of 150902?
0
What is the units digit of 48853?
3
What is the units digit of 147862?
2
What is the units digit of 664?
4
What is the hundreds digit of 1627?
6
What is the thousands digit of 76327?
6
What is the tens digit of 63724?
2
What is the tens digit of 975?
7
What is the hundreds digit of 802?
8
What is the units digit of 15734?
4
What is the thousands digit of 1547?
1
What is the thousands digit of 1063?
1
What is the tens digit of 302?
0
What is the tens digit of 1164?
6
What is the units digit of 8962?
2
What is the thousands digit of 2997?
2
What is the thousands digit of 7755?
7
What is the thousands digit of 1729?
1
What is the units digit of 25942?
2
What is the units digit of 1303?
3
What is the units digit of 7118?
8
What is the units digit of 2025?
5
What is the tens digit of 71?
7
What is the thousands digit of 19062?
9
What is the tens digit of 3534?
3
What is the units digit of 4051?
1
What is the thousands digit of 3450?
3
What is the thousands digit of 8342?
8
What is the units digit of 1757?
7
What is the tens digit of 6133?
3
What is the hundreds digit of 235?
2
What is the hundreds digit of 41345?
3
What is the tens digit of 1194?
9
What is the tens digit of 9146?
4
What is the units digit of 3269?
9
What is the tens digit of 3238?
3
What is the tens digit of 15430?
3
What is the units digit of 53134?
4
What is the hundreds digit of 2199?
1
What is the thousands digit of 2692?
2
What is the hundred thousands digit of 115325?
1
What is the tens digit of 12510?
1
What is the hundreds digit of 3463?
4
What is the hundreds digit of 23856?
8
What is the units digit of 83369?
9
What is the units digit of 5875?
5
What is the tens digit of 3318?
1
What is the tens digit of 3474?
7
What is the thousands digit of 5082?
5
What is the ten thousands digit of 27704?
2
What is the hundreds digit of 4660?
6
What is the thousands digit of 4308?
4
What is the tens digit of 732?
3
What is the thousands digit of 55587?
5
What is the thousands digit of 1065?
1
What is the hundreds digit of 830?
8
What is the units digit of 26572?
2
What is the units digit of 1273?
3
What is the units digit of 5914?
4
What is the thousands digit of 33326?
3
What is the hundreds digit of 508?
5
What is the hundreds digit of 3844?
8
What is the units digit of 373?
3
What is the ten thousands digit of 22893?
2
What is the hundreds digit of 14451?
4
What is the units digit of 31117?
7
What is the tens digit of 21621?
2
What is the units digit of 1907?
7
What is the hundreds digit of 6661?
6
What is the units digit of 14698?
8
What is the thousands digit of 7304?
7
What is the units digit of 68?
8
What is the thousands digit of 14290?
4
What is the ten thousands digit of 30340?
3
What is the hundreds digit of 5155?
1
What is the tens digit of 9022?
2
What is the tens digit of 6015?
1
What is the units digit of 5545?
5
What is the ten thousands digit of 53612?
5
What is the hundreds digit of 18250?
2
What is the tens digit of 1753?
5
What is the units digit of 16396?
6
What is the hundreds digit of 2896?
8
What is the thousands digit of 1497?
1
What is the thousands digit of 26832?
6
What is the hundreds digit of 528?
5
What is the tens digit of 25432?
3
What is the thousands digit of 2174?
2
What is the units digit of 250?
0
What is the hundreds digit of 8396?
3
What is the units digit of 9800?
0
What is the tens digit of 251?
5
What is the hundreds digit of 857?
8
What is the tens digit of 3788?
8
What is the tens digit of 166?
6
What is the tens digit of 698?
9
What is the units digit of 5476?
6
What is the units digit of 895?
5
What is the ten thousands digit of 21911?
2
What is the ten thousands digit of 113555?
1
What is the tens digit of 1033?
3
What is the hundred thousands digit of 110577?
1
What is the thousands digit of 1175?
1
What is the units digit of 10621?
1
What is the units digit of 601?
1
What is the hundreds digit of 22028?
0
What is the units digit of 1676?
6
What is the ten thousands digit of 31539?
3
What is the units digit of 1814?
4
What is the tens digit of 14751?
5
What is the hundreds digit of 4094?
0
What is the units digit of 594?
4
What is the thousands digit of 1313?
1
What is the units digit of 681?
1
What is the hundreds digit of 662?
6
What is the tens digit of 49872?
7
What is the hundreds digit of 8691?
6
What is the hundreds digit of 21458?
4
What is the hundreds digit of 787?
7
What is the ten thousands digit of 14138?
1
What is the tens digit of 1356?
5
What is the units digit of 61?
1
What is the tens digit of 1249?
4
What is the tens digit of 778?
7
What is the units digit of 3532?
2
What is the units digit of 11436?
6
What is the ten thousands digit of 37180?
3
What is the units digit of 4?
4
What is the units digit of 8491?
1
What is the ten thousands digit of 48068?
4
What is the thousands digit of 1633?
1
What is the units digit of 80081?
1
What is the thousands digit of 1430?
1
What is the hundreds digit of 1674?
6
What is the thousands digit of 1365?
1
What is the units digit of 7530?
0
What is the units digit of 554?
4
What is the tens digit of 8835?
3
What is the tens digit of 12916?
1
What is the ten thousands digit of 11049?
1
What is the units digit of 185?
5
What is the units digit of 2930?
0
What is the tens digit of 6350?
5
What is the ten thousands digit of 47095?
4
What is the hundreds digit of 42101?
1
What is the tens digit of 899?
9
What is the ten thousands digit of 67414?
6
What is the units digit of 130?
0
What is the tens digit of 1112?
1
What is the units digit of 1803?
3
What is the thousands digit of 9564?
9
What is the thousands digit of 9213?
9
What is the hundreds digit of 22092?
0
What is the tens digit of 1369?
6
What is the thousands digit of 33077?
3
What is the units digit of 2305?
5
What is the units digit of 19418?
8
What is the thousands digit of 8593?
8
What is the thousands digit of 2052?
2
What is the thousands digit of 112545?
2
What is the tens digit of 2384?
8
What is the units digit of 88844?
4
What is the thousands digit of 138056?
8
What is the thousands digit of 2494?
2
What is the hundreds digit of 1034?
0
What is the ten thousands digit of 12522?
1
What is the units digit of 1482?
2
What is the thousands digit of 1781?
1
What is the units digit of 8085?
5
What is the tens digit of 529?
2
What is the units digit of 1164?
4
What is the tens digit of 1385?
8
What is the units digit of 34985?
5
What is the thousands digit of 5569?
5
What is the hundreds digit of 3011?
0
What is the tens digit of 71964?
6
What is the hundreds digit of 28579?
5
What is the ten thousands digit of 11462?
1
What is the thousands digit of 9801?
9
What is the tens digit of 25813?
1
What is the units digit of 189?
9
What is the hundreds digit of 3496?
4
What is the units digit of 4233?
3
What is the units digit of 1428?
8
What is the thousands digit of 36355?
6
What is the units digit of 127?
7
What is the tens digit of 69?
6